millions digit of 3798786?
3
What is the tens digit of 1353397?
9
What is the millions digit of 2542477?
2
What is the ten thousands digit of 3122748?
2
What is the ten thousands digit of 371067?
7
What is the thousands digit of 116859?
6
What is the millions digit of 1680801?
1
What is the hundreds digit of 1056788?
7
What is the tens digit of 525763?
6
What is the tens digit of 1081803?
0
What is the hundred thousands digit of 242881?
2
What is the millions digit of 15447798?
5
What is the hundreds digit of 3313119?
1
What is the millions digit of 8320682?
8
What is the hundreds digit of 46918?
9
What is the tens digit of 309262?
6
What is the ten millions digit of 10700916?
1
What is the tens digit of 545916?
1
What is the units digit of 171445?
5
What is the units digit of 21991068?
8
What is the ten thousands digit of 12435485?
3
What is the hundred thousands digit of 604967?
6
What is the millions digit of 1539138?
1
What is the hundred thousands digit of 9842795?
8
What is the thousands digit of 15144?
5
What is the ten millions digit of 10113462?
1
What is the tens digit of 148630?
3
What is the ten thousands digit of 1414128?
1
What is the tens digit of 2590413?
1
What is the tens digit of 8021997?
9
What is the ten thousands digit of 38831?
3
What is the units digit of 514960?
0
What is the thousands digit of 5462668?
2
What is the hundreds digit of 149718?
7
What is the millions digit of 3713620?
3
What is the units digit of 5751187?
7
What is the thousands digit of 1071247?
1
What is the ten thousands digit of 2706658?
0
What is the hundreds digit of 618833?
8
What is the tens digit of 3414814?
1
What is the tens digit of 398862?
6
What is the millions digit of 1371343?
1
What is the hundred thousands digit of 958941?
9
What is the units digit of 64919?
9
What is the hundred thousands digit of 8074286?
0
What is the hundred thousands digit of 39231376?
2
What is the millions digit of 1501390?
1
What is the ten millions digit of 31441440?
3
What is the units digit of 4325967?
7
What is the ten thousands digit of 2283985?
8
What is the hundreds digit of 1842690?
6
What is the thousands digit of 10378429?
8
What is the hundreds digit of 5180971?
9
What is the ten thousands digit of 24989969?
8
What is the units digit of 167234?
4
What is the thousands digit of 1949422?
9
What is the hundreds digit of 341945?
9
What is the thousands digit of 25122463?
2
What is the thousands digit of 268825?
8
What is the millions digit of 1569229?
1
What is the thousands digit of 8824746?
4
What is the thousands digit of 2215223?
5
What is the units digit of 1014502?
2
What is the thousands digit of 1781574?
1
What is the thousands digit of 672582?
2
What is the tens digit of 237704?
0
What is the tens digit of 1014734?
3
What is the units digit of 367434?
4
What is the thousands digit of 346446?
6
What is the units digit of 19909050?
0
What is the units digit of 182141?
1
What is the thousands digit of 250091?
0
What is the units digit of 2529734?
4
What is the thousands digit of 849406?
9
What is the hundreds digit of 1550854?
8
What is the millions digit of 1672896?
1
What is the hundreds digit of 19367817?
8
What is the thousands digit of 2806717?
6
What is the ten millions digit of 13824484?
1
What is the millions digit of 15450367?
5
What is the tens digit of 369427?
2
What is the units digit of 11584845?
5
What is the units digit of 673614?
4
What is the hundreds digit of 585372?
3
What is the thousands digit of 14997965?
7
What is the tens digit of 1774405?
0
What is the hundreds digit of 596718?
7
What is the hundreds digit of 832151?
1
What is the hundred thousands digit of 4882743?
8
What is the ten thousands digit of 24708?
2
What is the tens digit of 168408?
0
What is the ten thousands digit of 322976?
2
What is the thousands digit of 2720484?
0
What is the millions digit of 13301764?
3
What is the millions digit of 8969771?
8
What is the thousands digit of 114487?
4
What is the hundreds digit of 1839099?
0
What is the thousands digit of 969425?
9
What is the ten thousands digit of 717605?
1
What is the millions digit of 28456374?
8
What is the thousands digit of 298756?
8
What is the thousands digit of 219807?
9
What is the hundreds digit of 35472546?
5
What is the ten thousands digit of 72826?
7
What is the units digit of 4815188?
8
What is the units digit of 230520?
0
What is the units digit of 408839?
9
What is the tens digit of 25912?
1
What is the ten thousands digit of 511125?
1
What is the units digit of 7861935?
5
What is the ten thousands digit of 4074206?
7
What is the units digit of 368258?
8
What is the hundreds digit of 7431?
4
What is the tens digit of 232750?
5
What is the tens digit of 2087390?
9
What is the units digit of 5438890?
0
What is the hundreds digit of 317937?
9
What is the units digit of 5376281?
1
What is the hundred thousands digit of 17900492?
9
What is the thousands digit of 5926686?
6
What is the ten thousands digit of 473192?
7
What is the ten millions digit of 10475140?
1
What is the tens digit of 15877912?
1
What is the ten thousands digit of 224421?
2
What is the units digit of 47735?
5
What is the ten thousands digit of 2895205?
9
What is the ten thousands digit of 1069113?
6
What is the units digit of 5036209?
9
What is the hundreds digit of 12658517?
5
What is the tens digit of 8235477?
7
What is the tens digit of 278084?
8
What is the hundreds digit of 23551761?
7
What is the hundreds digit of 80550?
5
What is the thousands digit of 5475940?
5
What is the thousands digit of 1784524?
4
What is the thousands digit of 2768008?
8
What is the tens digit of 412197?
9
What is the units digit of 424435?
5
What is the thousands digit of 2024956?
4
What is the hundred thousands digit of 4589654?
5
What is the ten thousands digit of 712484?
1
What is the ten thousands digit of 76807?
7
What is the hundreds digit of 159144?
1
What is the thousands digit of 1935709?
5
What is the ten thousands digit of 22688249?
8
What is the units digit of 652748?
8
What is the millions digit of 19182288?
9
What is the units digit of 176560?
0
What is the tens digit of 405913?
1
What is the units digit of 99378?
8
What is the millions digit of 2595119?
2
What is the hundred thousands digit of 730564?
7
What is the tens digit of 10836793?
9
What is the thousands digit of 393881?
3
What is the units digit of 912899?
9
What is the units digit of 36806?
6
What is the ten thousands digit of 51732?
5
What is the thousands digit of 1726938?
6
What is the thousands digit of 5463859?
3
What is the hundred thousands digit of 233483?
2
What is the hundreds digit of 5560672?
6
What is the hundreds digit of 262934?
9
What is the hundred thousands digit of 176448?
1
What is the units digit of 1007532?
2
What is the millions digit of 3526797?
3
What is the hundreds digit of 345790?
7
What is the ten thousands digit of 18445924?
4
What is the tens digit of 227063?
6
What is the hundred thousands digit of 769394?
7
What is the hundreds digit of 1251359?
3
What is the ten thousands digit of 1915709?
1
What is the ten thousands digit of 133730?
3
What is the ten thousands digit of 130422?
3
What is the units digit of 644892?
2
What is the units digit of 298240?
0
What is the thousands digit of 38555?
8
What is the thousands digit of 14598531?
8
What is the units digit of 4981109?
9
What is the ten thousands digit of 37211?
3
What is the units digit of 1661906?
6
What is the hundreds digit of 2033953?
9
What is the tens digit of 1024930?
3
What is the tens digit of 35596?
9
What is the thousands digit of 3846774?
6
What is the ten thousands digit of 2862276?
6
What is the units digit of 104316?
6
What is the hundred thousands digit of 498317?
4
What is the hundred thousands digit of 2929680?
9
What is the ten millions digit of 17546529?
1
What is the hundreds digit of 103257?
2
What is the tens digit of 601956?
5
What is the thousands digit of 6600195?
0
What is the ten thousands digit of 1320468?
2
What is the hundred thousands digit of 910936?
9
What is the hundreds digit of 521335?
3
What is the thousands digit of 179715?
9
What is the units digit of 9645081?
1
What is the hundreds digit of 881637?
6
What is the hundreds digit of 157014?